 18. What is the units digit of 36/(-198) - (-158)/i?
7
Let o = -1389 + 3319. What is the hundreds digit of o?
9
Suppose -2*p + 0 = 4. What is the units digit of (p/3)/(15/(-45))?
2
Suppose -6*o - 69 - 147 = 0. What is the units digit of (-3)/((o/256)/3)?
4
Let g(w) = 328*w + 86. What is the thousands digit of g(7)?
2
Let n(w) = -4*w - 22. Let s be n(-6). Suppose -3*r + f - s*f + 62 = 0, -2*r - 3*f + 32 = 0. What is the tens digit of r?
2
Let u(b) = 13*b**2 + b - 34. What is the units digit of u(6)?
0
Suppose -191*s = -145*s - 120612. What is the hundreds digit of s?
6
What is the hundreds digit of (-5*11/15)/((-1)/33)?
1
Suppose 10*b = -2659 + 8819. What is the tens digit of b?
1
Let s be 3*(1 + 8/12). Suppose 2*c = 5*r + 7*c + s, 3*c - 11 = 4*r. Let a(t) = t**2 - 1. What is the units digit of a(r)?
3
Let q be 44/77 - 38/(-7). Suppose 0 = 4*n - 10 - q. Suppose 0 = -n*w + k + 12, 2*w = k - 0*k + 6. What is the units digit of w?
3
Suppose 9 = 10*g - 31. Suppose -g*b + 23 + 30 = x, x + 64 = 5*b. What is the units digit of b?
3
Let f = 15 - 17. Let i be f/(-2 - 0)*2. Suppose i*q = 54 - 18. What is the tens digit of q?
1
Let z(a) = -a**3 - 8*a**2 - a - 6. Let i be z(-8). Let c(b) = i - 6 + 3*b + 3*b. What is the tens digit of c(5)?
2
Suppose 7*q - 3004 = -162. What is the tens digit of q?
0
Let a = -67 + 64. Let o(b) = -110*b - 25. What is the tens digit of o(a)?
0
Let k be (-13)/39 - (-62)/6. Let x = -3 - -2. Let t = k - x. What is the units digit of t?
1
Let w(d) = d**2 - 4*d + 2. Let i(g) = -g**2 + 9*g - 5. Let z(h) = 2*i(h) + 5*w(h). What is the tens digit of z(4)?
4
Let c(x) = x + 2. Let g be c(5). Let p be 5 - -3 - 4 - 8. What is the units digit of (4*3)/p + g?
4
Let h(d) = -d**3 + d**2 + 3*d + 2. Let y be h(-2). Let m = y - 40. Let q = m - -46. What is the tens digit of q?
1
Suppose 3*j + 306 - 309 = 0. Let l = -20 + 38. What is the tens digit of (l/(-5))/(j/(-20))?
7
Let s be (-5)/(-2) + 2/(-4). Suppose 4*m - 4 = s*m. Suppose -5*g + 178 = -m*z, 5*g - 35 - 115 = -5*z. What is the tens digit of g?
3
Suppose -2*n + 612 + 2007 = 5*k, -4*n = -3*k + 1561. What is the hundreds digit of k?
5
Let s = -1556 - -3912. What is the tens digit of s?
5
Let m = -317 + 320. Let j(k) = 19*k**2 - k. Let f be j(-1). Let l = f + m. What is the units digit of l?
3
Let m(o) = o**2 - o - 127. What is the tens digit of m(-28)?
8
Suppose 0 = 4*h - 1 - 3. Let g be 11/2*(h - 3). Let i(p) = p**3 + 10*p**2 - 12*p + 6. What is the tens digit of i(g)?
1
Suppose 8*h = 4374 - 78. What is the units digit of h?
7
Suppose -8*q - 6 = -6. Suppose o - 96 = -4*c + 2*c, q = 3*o. What is the tens digit of c?
4
Suppose f - 24 = -3*f. Suppose 2*s - 69 = -q, -4*q = -0*s + 4*s - 288. Suppose -n = -f*n + q. What is the tens digit of n?
1
Let w(i) = i**2 - 11*i - 36. Let h be w(14). What is the units digit of ((-300)/h)/(1/(-2))?
0
Let y = -54 - -51. What is the tens digit of 564/(4 + -8)*1/y?
4
Suppose -4*c = -3*l - 3673 - 39, -4*l + 1856 = 2*c. What is the tens digit of c?
2
Suppose -2*t + 12641 = 3*l, 9*l - 2*t - 21047 = 4*l. What is the tens digit of l?
1
Let i(k) = k - 3. Let w be i(6). Let x be 1*w + 6 + -5. Suppose 0 = x*o + o + 3*b - 74, -5*b = 5*o - 70. What is the tens digit of o?
1
Suppose -39*b = -38*b - 1. Suppose b + 4 = -u, -2*u + 101 = o. What is the units digit of o?
1
What is the units digit of (-7*(-9)/84)/((-2)/(-56))?
1
Let k = 2002 + -1200. What is the units digit of k?
2
Let d be 14/35 - (-8)/5. Let m = 582 + -234. What is the units digit of m/42 + d/(-7)?
8
Let b = -85 - -92. Let o be 6/3 + (-10)/2. Let v = o + b. What is the units digit of v?
4
Let r(t) = -8*t**2 + t + 2. Let v be r(2). What is the tens digit of 4/7 + (-3568)/v?
2
Suppose 3*r + 5*h - h - 27 = 0, r - 2*h = 9. Suppose 0 = r*f - 21*f + 1248. What is the hundreds digit of f?
1
Let j(o) be the third derivative of 0*o + 0 + o**3 - 10*o**2 + 1/4*o**4. What is the units digit of j(4)?
0
Let a = 50 + -45. Suppose 2*f + p - 24 - 47 = 0, 0 = 3*f - a*p - 100. What is the units digit of f?
5
Suppose 5*l = -m + 684, 5*l = m - 281 - 373. Suppose -4*x + 407 + m = 0. What is the hundreds digit of x?
2
Suppose -5*b + 372 = c, 0 = -0*c + c - 5*b - 412. What is the tens digit of c?
9
Let m = -64 - -57. What is the units digit of 550/8 - m/(5 + 23)?
9
Let v(l) = -3*l**3 + 5*l**2 + 3*l - 10. Let p(x) = -2*x**3 + 4*x**2 + 2*x - 11. Let y(w) = -4*p(w) + 3*v(w). What is the tens digit of y(0)?
1
Let x(z) = -19*z + 3081. What is the units digit of x(0)?
1
Let a(h) = -h**3 - 3*h - 2. Let k be a(-1). Suppose 5*r = k*r + 159. What is the tens digit of r?
5
Let f(c) = c**3 + 2*c**2 - 2*c - 1. Let n be f(-2). Suppose -5*s + n*s = -110. What is the units digit of s?
5
Let g be (-4)/34 + 0 + 13740/(-255). Let c = g - -144. What is the tens digit of c?
9
Suppose -123*c = -118*c + 2*b - 14302, 2*c - 5*b - 5744 = 0. What is the thousands digit of c?
2
Suppose -2*n - r = 49 - 191, -4*n + 288 = 3*r. Suppose -z + n - 1 = 0. What is the tens digit of z?
6
Suppose 175*i + 83619 = 202*i. What is the units digit of i?
7
Let s be (10 - 17)/((-1)/(-4)). Let j = -23 - s. Suppose 4*t - 205 = -j*f + t, -5*f + 205 = -3*t. What is the units digit of f?
1
Let u(w) = w**2 + 15*w + 11. Let z be u(-17). What is the tens digit of (1 - 2) + z + -4?
4
Suppose -q + 0*t = -3*t - 623, 3*q + t - 1899 = 0. What is the units digit of q?
2
What is the tens digit of (-41)/(-2)*(-45 - -53)?
6
What is the hundreds digit of (-1208)/(-4) + 0 + (-16)/4?
2
What is the tens digit of 6/56*-4 - 6456/(-21)?
0
Let o = -20 - -399. What is the tens digit of o?
7
What is the units digit of ((-4)/(-5))/4 - (-49572)/15?
5
Suppose 2*b - 3 = 5, 0 = 3*m - 5*b - 595. What is the hundreds digit of m?
2
Let k(u) = 8*u + 10. Let w be k(-4). Let v be ((-11)/w)/(2/8). Let b = 10 - v. What is the units digit of b?
8
Let u(f) = 13*f**3 + 2*f - 1. Let s be 35/20 + (-2)/(-8). Suppose 0*g = 2*d - g, -g = s*d - 4. What is the tens digit of u(d)?
1
Let u = -585 + 3448. What is the tens digit of u?
6
Let u = -212 - -230. What is the tens digit of u?
1
Let o(v) = 10*v**2 - v + 2. Suppose 5*i - 2 = 6*i. Let r be o(i). What is the tens digit of (-15 + 18)*r/6?
2
Suppose 5*b + 2 = -4*f + 3, -5*f - 7 = -2*b. Let q be 3 - (-1 + -6)*b. Suppose -5*n + q*n = 40. What is the units digit of n?
8
Suppose -z - 5908 = -6*t + 4*t, 0 = -3*t + z + 8864. What is the hundreds digit of t?
9
What is the units digit of (-9)/(-7) - 1 - 2987/(-7)?
7
Let u = 8 - 4. Let n be 2*2/u - -25. What is the tens digit of (1 - 2)/((-2)/n)?
1
Suppose -12 = 3*q, q + 4 = 2*z - 6. Suppose -2*t + 170 = z*t. What is the units digit of t?
4
Suppose 4*a + 2 = 2*c + 30, -a = -2*c - 13. What is the tens digit of (-5517)/(-117) - c/(-26)?
4
Let l(b) = -243*b - 5 - 236*b + 18*b + 119*b. What is the hundreds digit of l(-1)?
3
Let g(o) = 70*o + 4. What is the tens digit of g(2)?
4
Let k(x) = -x**3 + 6*x**2 + 7*x + 2. Let w be k(7). Let u(r) = -6*r. Let v be u(-1). What is the tens digit of (-111)/v*w/(-1)?
3
Suppose -590 = 3*v - 4*m, m + 12 = -2*m. Let l = 334 + v. Suppose 4*y = -0*y + l. What is the tens digit of y?
3
Suppose w = -5*i + 6*w + 175, i - 5*w - 35 = 0. Suppose m - i = j - 0*m, 15 = 3*m. Let v = 49 + j. What is the tens digit of v?
1
Let m = 222 - 77. Suppose -m = 2*p - 3*p. What is the hundreds digit of p?
1
Let j(d) = -8*d. Let k be j(-1). Suppose -4*a + 55 = -5*z, k*z + 20 = 3*z - 3*a. What is the tens digit of 2/z + 2023/49?
4
Suppose 182 = 5*o + 3*k, 2*o - 7*o = 4*k - 181. Suppose -3*t = -4*t + o. What is the units digit of t?
7
Let y(a) = -a**2 + 14*a - 27. Let b be y(20). Let g = b - -275. What is the units digit of g?
8
Let r be (-578)/3 + (-16)/12. Let l = r + 137. What is the tens digit of (-2 + l/(-12))*4?
1
Suppose 3*z - 34 = 29. Suppose -2*i + 3*g = -131, -3*i - 39 + 228 = -2*g. Let v = i - z. What is the units digit of v?
0
Let r(c) = c + 14. Let f be r(-10). Let k(h) = 2*h + 8. Let v be k(f). What is the units digit of (-139)/(-2) + (-8)/v?
9
Let v = -31 - -32. What is the tens digit of 2 - ((-3)/v - 54)?
5
Let g = 10 - 4. Suppose l = 2*v - 431, l = 3*l - g. What is the units digit of v?
7
Let y(o) = o**3 + 5*o**2 - 6*o - 1. Let v be y(-6). Let f(w) = -8*w**3 - w**2 - w - 1. Let l be f(v). What is the units d